+ (35 - 5) + -34
57
What is (4 - -1) + (-41 - (3 + -47)) - -3?
11
What is 60 + (-132 - (25 - 241))?
144
Calculate (0 - -4) + 2 + (-84 + 87 - (1 + -20)).
28
What is the value of 45 - 57 - ((-3 - -1) + 5 + -9 + 3)?
-9
What is -175 - (87 + -101 - 53)?
-108
(193 + -104 - 132) + (131 - 0)
88
24 + 7 + -335 + 298
-6
Calculate -73 + 69 - (9 + 32 + -13).
-32
-73 + (-3 - (46 - 188))
66
-9 + 1 + 2 + -12 - 108 - (-1 - 6)
-119
Calculate -7 + (7 - -4) - -47.
51
What is -4 - (-2 + (-5 - 1)) - (-27 - (-2 - -17))?
46
Calculate 36 + (102 - (-88 + 82)).
144
-1627 + 1708 + 3 + 28
112
Calculate -4 + 45 + -32 - (1 + 16) - 4.
-12
Evaluate -6 + 5 + (1 - 32 - (10 + 45 - 45)).
-42
What is the value of 56 + (-57 - 3) + 2?
-2
Calculate 10 - ((-3 - -5 - 10) + (2 - -80)).
-64
What is (-11 - 1 - (-1355 - -1324)) + 42?
61
Evaluate -29 - (-21 - (-27 + 8) - (2 + -14)).
-39
What is the value of -90 + 80 - ((-1 - (-57 - -1)) + -20 + 22)?
-67
Calculate 60 + (-135 - -77) + -63.
-61
What is 0 + 6 + 2 - 1 - -1 - (2 - -61)?
-55
Calculate 18 - (-3 + (-12 - -8 - 11) + 6).
30
Calculate 117 + (-31 - (-92 - -118)).
60
What is the value of -8 - (2 + 4 + -13 + -1)?
0
Calculate (-5 - 4) + 1 - (-37 + 34).
-5
Evaluate 63 + -82 + 41 + -51.
-29
What is the value of 19 + (-9 - 23) - (-5 - -2)?
-10
Calculate -60 - ((-7 - 7 - 22) + 20).
-44
Calculate -35 + (-29 - 29) + 77.
-16
What is (-3500 - -3522) + 14 + -1 + -1?
34
What is -1 + (10 - (-8 - -17)) - -13 - (29 - 35)?
19
-32 - -7 - (-40 - -37 - (0 - 2 - 0))
-24
What is (-39 - -47) + 37 + 26 + -3?
68
Evaluate (8 - 18 - 48) + 26 + 145.
113
Evaluate (133 - 107 - -51) + 7.
84
What is the value of 40 + (-13 - (14 + -18))?
31
17 + 3 + -114 + 167
73
What is the value of -13 + 31 + -34 - (17 - (-22 - -17))?
-38
What is the value of -7 - (-107 + 80 + (12 - 0)) - -8?
16
Evaluate 125 - 11 - (26 - -28).
60
Calculate 1 + 11 + (38 - 24 - -4) + -67.
-37
What is (-6 + 0 - -1) + (-12 - -11) - (46 + -129)?
77
-68 + (-37 - (-17 - (-18 + 17 + -3)))
-92
What is the value of -69 - (-89 + -58 + -21)?
99
-19 - (-32 + 40) - -31
4
Evaluate (5 - (21 - (-1 - -18) - -11)) + -9.
-19
What is 17 - 13 - (3 - (-4 - -1) - (-55 - -28))?
-29
What is 59 + (-7 - (22 - -26)) + (-15 - -1)?
-10
Calculate 1 + -108 + 28 + 38.
-41
Calculate -3 - (-11 - (-12 - (9 + 3 - 0))).
-16
-27 + 9 + (18 + -13 - (-6 + -1))
-6
Calculate -60 + 138 - ((-4 - (12 + -6) - -6) + 12).
70
What is 13 + (-3 - ((106 - 80) + -13 + -1))?
-2
(-47 - -11) + 143 + -79
28
14 + -7 + (3 - (-4 - -26)) - 6
-18
Evaluate (3 + -34 - 26) + (5 - -3) + 4.
-45
Evaluate ((-14 - -12) + -19 - -30) + 1 + -48.
-38
What is the value of 42 + 30 + -53 + -49 + 138?
108
Calculate 21 + (0 - (14 + 11) - -47).
43
Evaluate 26 - (-60 - -37 - -11).
38
Calculate 1 - (-9 + (-5 - -5) + 1) - -9.
18
What is the value of (-16 - (-6 + -3)) + 53 + -45?
1
Evaluate -16 - (-30 + -36) - (-4 + -2 - -13).
43
Calculate 48 - (25 - (-51 - -3)).
-25
What is 37 + 2 + 19 + (72 - 109)?
21
What is 17 + -1 + 0 + (-77 - -115) + -113?
-59
Calculate 43 + (-42 - -36) - 10.
27
34 + -2 + (-878 - -859) + -54
-41
What is the value of 0 - 9 - ((-11 - (-18 + -5)) + -3) - 4?
-22
Calculate 30 + (-11 - 17) - (-29 - (2 - 3)).
30
-2 + -29 + 19 + -2
-14
What is (40 - 6 - 14) + 46?
66
What is 7 + -10 - -14 - ((-23 - 10) + 33)?
11
Evaluate 0 + -78 + (-89 - -94) + 21.
-52
What is the value of (-26 + -10 + 27 + 19 - -79) + -10?
79
What is 81 - (264 + -140) - (0 + 7)?
-50
What is (-17 - (-3 + 0)) + (1 - -13) + -10?
-10
Evaluate -8 + 1 + 36 + (4 + 11 - -2).
46
Evaluate 26671 - 26752 - (31 - (0 + 2)).
-110
What is (39 - 47 - -45) + -64?
-27
Calculate 65 - (217 - 153) - (-1 - (-2 + 4 - 59)).
-55
What is the value of 109 + 113 + -66 + -57?
99
19 + (30 - 45 - -36)
40
(-1 - 1 - (-46 + 69 + -34)) + -14
-5
Evaluate 610 + -592 + (-93 - -1 - (-2 - 3)).
-69
What is the value of 36 + -62 + (81 - 36)?
19
Evaluate -9 - (107 - (-14 + 34 + 0 + -9 + -5)).
-110
61 + -25 - (-3 + 73)
-34
What is 190 + (-252 - -6 - -124)?
68
What is (9 - (111 - 41)) + 34?
-27
What is the value of (-3 - (11 - (7 + 7))) + 1 + 2?
3
Evaluate (3 - -18) + -42 + 157 - (-2 + 10 + -14).
142
(0 - 67) + (-14 + -7 + 34 - 2)
-56
What is 5 + (22 - (35 + 14) - 12)?
-34
Calculate (-3 - (-49 - -3)) + 13000 + -12998.
45
Evaluate (13 - (19 + 12)) + 132 + -37 + (8 - 0).
85
What is -15 + (6 - (15 + -1)) - -15 - 38?
-46
Calculate -118 + 56 - -63 - (8 - 1) - -42.
36
Evaluate 53 - 88 - (-5 - 7).
-23
What is 6 + 42 + (-45 - -19) + 11 + (-4 - -5)?
34
Calculate -28 - -52 - -10 - 49 - ((-1 - -7) + 1).
-22
What is (106 - (-4 - -24 - -1) - 20) + 9 + 2?
76
What is (-2 - (3 + -15)) + -82 + (-3 - -24) + -21?
-72
-10 - (17 + -9 + (-71 + 81 - (-2 + 0)))
-30
Evaluate 11 + 11 + -44 + 11 + 0 - (-1 - -20).
-30
Evaluate 7 - (-11 + 13 - -11) - (144 - 68).
-82
What is -6 + 1 + ((-19 - -5) + -24 - 17)?
-60
Calculate 4 + (-3 - -2) - (22 + -51 - -29).
3
Evaluate (7 - -78) + (-649 - -541).
-23
What is 55 + (-85 - 26) + 93?
37
Calculate (-71 + 3 - -34 - -20) + 43.
29
What is the value of 12 + 15 + -11 + -48 + 6?
-26
What is the value of -4 + -59 + (-56 - (-57 - 8))?
-54
-52 + 101 - (7 - ((1 - -4) + -1))
46
42 - (-23 - (-15 + -39))
11
What is -6 + -4 - ((51 - -2) + -75 + 61)?
-49
-71 - (-189 - (-61 - -7))
64
Calculate 17 + -60 - (-1 + 2) - 6 - -10.
-40
-23 - ((-28 - -41) + (-2 - -7))
-41
Calculate 11 - 0 - (35 - 13) - (-76 - -3).
62
What is -35 - (-72 - (-81 - 21))?
-65
Calculate (-74 - (-25 - -56)) + 125.
20
What is (1543 - 1501) + -89 + 1?
-46
Calculate (-4 - (-6 - -8)) + (9 - 5) - (2 - -57).
-61
Evaluate (17 + (12 - 27) - (-24 + -12 + 6)) + 0.
32
What is (-8 - (-4 - -4)) + -3 + 0 + 19 + -104?
-96
-18 - -41 - (50 + -32 + 55)
-50
What is the value of (76 - 85 - (-1 + -2)) + (-129 - -134)?
-1
What is the value of ((-29 + 8 + -13 - -14) + 14 - -113) + 1?
108
What is the value of -9 + 4 + 2 + (-38 - -1 - 3) - 6?
-49
What is (77 - (-223 - -292)) + (0 - 50)?
-42
Calculate 2 + (-14 - (43 + 16)) - (-11 - (-3 - -2)).
-61
-23 + 8 + 31 + -46 - 44
-74
Calculate 64 + -37 + 10 - -4.
41
Evaluate 13 + -53 + (-46 - -126).
40
Evaluate (-19 - 1) + (146 - 113) + (-1 - -46).
58
Evaluate 6 + 6 + (4 - -26 - 24).
18
Evaluate 7 - 88 - (-20 + -1 + 42 + -41).
-61
What is the value of -2 + (-118 - -1) + (-64 - (-161 + 88))?
-110
Calculate -7 + -13 + (-2 + 11 - 36) + 0.
-47
Evaluate (3 - -3) + -8 - (-11 - ((9 - 3) + -39)).
-24
Calculate 140 - (72 + 68 + -64).
64
What is -1 - 10 - (-59 - 2 - 7 - 14)?
71
-6 - 2 - (35 + (14 - 82) + 36) - -89
78
What is the value of 50 + (0 - 3 - (8 + -2)) + (15 - 1)?
55
Evaluate -19 - (-70 - -87 - (-6 + 24)).
-18
Evaluate 26 - (-34 + 31 + 12 + 9 - -21).
-13
What is the value of -2 + -4 - (-46 + 17 - 4)?
27
Calculate (-1 - -1) + 62 + (1495 + -1486 - (-2 - -2)).
71
What is 0 - 5 - (135 - (97 - -25))?
-18
What is -44 - ((6 - 17) + -12 + 2 + 9 + 24)?
-56
What is the value of (-4 - 2 - -4 - (-1 + 10)) + 381 + -328?
42
40 - 98 - -20 - -57 - -32
51
Calculate 14 + 49 - (29 - -17).
17
What is the value of -7 - -67 - (1872 + -1921)?
109
What is the value of 12 - 8 - (-30 - -20) - 18 - -66?
62
What is the value of (-1 - -8 - 1) + 7 + (20 - -28)?
61
What is -7 - (-32 - (-23 - 12) - -10)?
-20
What is (63 - (18 + (-20 - -2))) + (-4 - 5)?
54
What is the value of (7 - 11) + (13 + -11 + -14 - -9)?
-7
What is the value of 35 - ((31 - 21) + -23 + 5)?
43
Evaluate 50 + (2 - (14 + -3 + 5)) - 5.
31
What is 7 + (-99 - (-1 + 12 - (24 + -23)))?
-102
Evaluate (39 - 0) + (-76 + 92 - 51).
4
Evaluate (279 - 287 - (-1 - -19)) + -6.
-32
Calculate 0 - (-78 + (-3 - -5) - 3) - (-555 - -563).
71
Evaluate -37 + (1 - -19) + -19 + -15 + -2.
-53
-1155 + 1144 - (-74 + -2 + -1 + 2 + -1)
65
What is 1 + (-22 - (-5 + -5 + -4)) + (4 - 4)?
-7
Evaluate -7 + 2 + 9 + -11 + 6 + -11.
-12
Calculate (-2 - -4 - -3) + -2 + (68 - (98 - -87)).
-114
Calculate (8 - (56 - 100)) + -33.
19
-2 + -87 + 103 - -43
57
What is the value of 0 - (-6 - 1) - (53 - (-1 + -27 + 21))?
-53
Evaluate 26 + (44 - 15 - 67 - -8).
-4
Calculate 26 - (1 - 4 - -43 - (-2174 - -2166)).
-22
What is 32 - ((23 - -37) + -96)?
68
Evaluate 15 + (-1 - 11) - (-27 + (25 - 42)).
47
Calculate -1 - -84 - (786 + -769 - (33 - 2)).
97
Calculate (-206 - (128 + -215)) + 103.
-16
Calculate ((-1 - -3) + -24 + 18 - -3 - -6) + -1.
4
Evaluate (-3 - -8) + 96 + -581 + 581 + 13.
1